tors of 4978529.
509, 9781
List the prime factors of 19577817.
3, 7, 109, 2851
List the prime factors of 13937750.
2, 5, 197, 283
What are the prime factors of 1271641765?
5, 254328353
What are the prime factors of 16893919?
7, 457, 5281
List the prime factors of 712468148.
2, 7, 23, 1106317
List the prime factors of 272708311.
19, 14353069
List the prime factors of 2660443509.
3, 17, 5479, 9521
List the prime factors of 740573866.
2, 883, 419351
List the prime factors of 804193068.
2, 3, 7, 23, 416249
List the prime factors of 253826152.
2, 4231, 7499
List the prime factors of 126648649.
23, 73, 75431
List the prime factors of 73713354.
2, 3, 11, 13, 53, 1621
What are the prime factors of 6698307535?
5, 107, 12520201
What are the prime factors of 76326950?
2, 5, 7, 218077
List the prime factors of 240079703.
13127, 18289
List the prime factors of 283602522.
2, 3, 7, 109, 61949
What are the prime factors of 62220675?
3, 5, 11, 53, 1423
List the prime factors of 551774310.
2, 3, 5, 41, 448597
List the prime factors of 218982971.
218982971
What are the prime factors of 172242478?
2, 73, 277, 4259
List the prime factors of 237622147.
7, 33946021
List the prime factors of 1546277330.
2, 5, 13, 17, 107, 503
List the prime factors of 1579729873.
1579729873
List the prime factors of 5232557.
11, 29, 47, 349
What are the prime factors of 1813965992?
2, 31, 269, 27191
What are the prime factors of 209615197?
11, 103, 139
What are the prime factors of 2306782096?
2, 19, 7588099
What are the prime factors of 408119463?
3, 61, 179, 4153
What are the prime factors of 2341764565?
5, 7, 883, 75773
What are the prime factors of 2308460851?
7027, 328513
List the prime factors of 38141243.
7, 5448749
What are the prime factors of 168556530?
2, 3, 5, 17, 349, 947
What are the prime factors of 259917500?
2, 5, 103967
List the prime factors of 21973044.
2, 3, 17, 19, 5669
List the prime factors of 268097905.
5, 17, 43, 73351
What are the prime factors of 251508776?
2, 19, 1654663
List the prime factors of 304013837.
353, 821, 1049
List the prime factors of 196805171.
8317, 23663
List the prime factors of 23157589.
7, 13, 31, 8209
List the prime factors of 293437050.
2, 3, 5, 409, 4783
List the prime factors of 37713792.
2, 3, 98213
List the prime factors of 99907035.
3, 5, 19, 397, 883
What are the prime factors of 2888470830?
2, 3, 5, 7, 13754623
What are the prime factors of 250262943?
3, 7, 179, 9511
What are the prime factors of 5373705113?
7, 767672159
What are the prime factors of 168719781?
3, 17, 503, 6577
What are the prime factors of 734420440?
2, 5, 13, 1412347
What are the prime factors of 10240295?
5, 13, 157543
What are the prime factors of 282401931?
3, 7, 13447711
List the prime factors of 2047459927.
41, 4831, 10337
List the prime factors of 2531287998.
2, 3, 17, 431, 1129
List the prime factors of 631209291.
3, 409, 514433
What are the prime factors of 334172545?
5, 7, 9547787
List the prime factors of 2120224851.
3, 2273, 103643
List the prime factors of 34604115.
3, 5, 7, 13, 101, 251
What are the prime factors of 33198094?
2, 101, 149, 1103
List the prime factors of 168934984.
2, 17, 1242169
List the prime factors of 2552908911.
3, 7, 41, 1013, 2927
List the prime factors of 610133410.
2, 5, 61013341
What are the prime factors of 2198738574?
2, 3, 40717381
What are the prime factors of 286370155?
5, 57274031
What are the prime factors of 2291947?
7, 327421
List the prime factors of 955621183.
11, 86874653
What are the prime factors of 3696809537?
19, 2087, 93229
List the prime factors of 32278619.
32278619
What are the prime factors of 774138918?
2, 3, 7, 18431879
List the prime factors of 1321695135.
3, 5, 4463, 6581
List the prime factors of 6419143.
199, 32257
List the prime factors of 47306583.
3, 5256287
List the prime factors of 45931254.
2, 3, 2399, 3191
What are the prime factors of 73975180?
2, 5, 47, 78697
What are the prime factors of 145794032?
2, 41, 222247
List the prime factors of 22456167.
3, 17, 59, 439
What are the prime factors of 64643215?
5, 7, 13, 31, 4583
List the prime factors of 24404631.
3, 29, 280513
What are the prime factors of 120220012?
2, 11, 2732273
List the prime factors of 327670351.
23, 14246537
What are the prime factors of 2631087562?
2, 109, 12069209
List the prime factors of 190390908.
2, 3, 15865909
List the prime factors of 1269141577.
11, 115376507
What are the prime factors of 18234698?
2, 941, 9689
What are the prime factors of 580509173?
47, 181, 68239
What are the prime factors of 140093059?
73, 241, 7963
What are the prime factors of 24404069?
24404069
What are the prime factors of 645080365?
5, 9613, 13421
What are the prime factors of 146476452?
2, 3, 12206371
What are the prime factors of 1581266356?
2, 17, 1597, 14561
What are the prime factors of 143933271?
3, 17, 166013
What are the prime factors of 1239069051?
3, 11, 29, 431581
What are the prime factors of 3816958112?
2, 11, 10843631
What are the prime factors of 499073102?
2, 11, 197, 115153
What are the prime factors of 610608433?
239, 1223, 2089
What are the prime factors of 2635088658?
2, 3, 167, 2629829
What are the prime factors of 48737495?
5, 2621, 3719
List the prime factors of 46545844.
2, 11636461
List the prime factors of 372859096.
2, 17, 701, 3911
List the prime factors of 97003093.
11, 163, 54101
What are the prime factors of 344439349?
199, 1730851
List the prime factors of 117650927.
293, 401539
What are the prime factors of 4965248?
2, 38791
What are the prime factors of 182373695?
5, 7, 5210677
List the prime factors of 654070950.
2, 3, 5, 13, 41, 101
What are the prime factors of 11535033?
3, 19, 10651
What are the prime factors of 1884812431?
31, 60800401
What are the prime factors of 32015323?
19, 37, 45541
List the prime factors of 789468397.
5003, 157799
What are the prime factors of 7128341?
11, 53, 12227
List the prime factors of 23798160.
2, 3, 5, 33053
What are the prime factors of 67168667?
19, 3535193
What are the prime factors of 116386327?
116386327
List the prime factors of 36830710.
2, 5, 7, 41, 313
What are the prime factors of 2728558446?
2, 3, 17, 41, 652453
List the prime factors of 119478017.
3709, 32213
List the prime factors of 21566030.
2, 5, 17, 126859
List the prime factors of 18591925.
5, 11, 67607
List the prime factors of 327017801.
11, 29728891
What are the prime factors of 98984419?
7823, 12653
What are the prime factors of 3926395886?
2, 7, 47, 126961
What are the prime factors of 306474534?
2, 3, 17026363
List the prime factors of 23704035.
3, 5, 17, 92957
What are the prime factors of 133763824?
2, 8360239
What are the prime factors of 48092928?
2, 3, 13, 4817
What are the prime factors of 351885776?
2, 11, 19, 105229
List the prime factors of 1971590946.
2, 3, 13, 17, 149, 587
What are the prime factors of 7504132?
2, 71, 26423
List the prime factors of 500311460.
2, 5, 11, 2274143
What are the prime factors of 61153980?
2, 3, 5, 193, 5281
List the prime factors of 211259165.
5, 13, 61, 53281
What are the prime factors of 544592186?
2, 272296093
What are the prime factors of 1144024?
2, 7, 31, 659
List the prime factors of 443204691.
3, 769, 192113
What are the prime factors of 103053404?
2, 3557, 7243
What are the prime factors of 1126569040?
2, 5, 43, 327491
List the prime factors of 9843827.
7, 263, 5347
List the prime factors of 136484217.
3, 1021, 4951
List the prime factors of 26925223.
13, 19, 67, 1627
List the prime factors of 115475569.
11, 47, 401, 557
What are the prime factors of 192111876?
2, 3, 11, 485131
List the prime factors of 1540226291.
229, 6725879
List the prime factors of 261249736.
2, 11, 2968747
What are the prime factors of 18887076?
2, 3, 13, 40357
List the prime factors of 132157165.
5, 7, 67, 83, 97
List the prime factors of 248405074.
2, 2789, 44533
List the prime factors of 4992932.
2, 7, 23, 7753
What are the prime factors of 3658540906?
2, 719, 2544187
What are the prime factors of 2194057088?
2, 17141071
List the prime factors of 1084139570.
2, 5, 108413957
List the prime factors of 144978909.
3, 31, 1558913
What are the prime factors of 4452452982?
2, 3, 859, 95987
List the prime factors of 2507202179.
89, 28170811
What are the prime factors of 52